late the greatest common factor of v and 36.
18
Let k(s) = -44*s - 8. Let h be k(-4). Let f = -136 - -196. Suppose -f - 3 = -3*l. Calculate the greatest common factor of h and l.
21
Let i be (-15)/4*400/(-250). What is the greatest common divisor of i and 6?
6
Let o(i) be the second derivative of i**5/20 + 7*i**4/4 + i**3/3 + 24*i**2 - 25*i. Let l be o(-21). Calculate the greatest common factor of l and 24.
6
Let t = 277 + -145. Let j(x) = 0*x - 1 - 3 - 2*x - 2*x. Let k be j(-4). Calculate the highest common divisor of t and k.
12
Suppose 5*x - 5 = -6*w + 3*w, -40 = -5*x + 4*w. Suppose 2*u + 56 = x*u. Calculate the highest common factor of u and 4.
4
Suppose 2*o + 0*t - 50 = -3*t, -5*o + 3*t + 83 = 0. What is the greatest common factor of o and 152?
19
Suppose 568 = -6*b + 8*b. What is the greatest common factor of 4 and b?
4
Let r = 11 - 8. Suppose -14 - 11 = -u + 2*j, -r*j + 12 = 0. Let n = -362 - -373. Calculate the greatest common divisor of n and u.
11
Suppose -15*n - 131*n + 1022 = 0. Suppose 3*j + j + 2*w = 114, 5*w + 23 = j. What is the highest common factor of j and n?
7
Suppose 0 = 3*p - t - 3*t - 30, -4*p + 5*t + 40 = 0. Let f = 5583 - 5553. What is the greatest common divisor of p and f?
10
Suppose 0*o + o - 120 = -4*f, 2*f = 10. Suppose -20 = -2*c + o. Let j be (-3)/(-9) - c/(-9). Calculate the greatest common factor of j and 49.
7
Let g(r) = 262*r**2 + r - 3. Let m be g(1). What is the highest common divisor of 20 and m?
20
Let z = -340 - -346. What is the greatest common factor of z and 24?
6
Let f = -20 + 23. Let q be -4 - (-14)/f*6. What is the greatest common factor of q and 36?
12
Let t = -11 + 34. Let b = t - 22. Suppose 3 + b = h. What is the highest common factor of h and 32?
4
Let d = 8 - -4. Let l = -3 - -5. Suppose -3*j + 0*j = -b + 51, 0 = 2*b - l*j - 82. Calculate the greatest common divisor of b and d.
12
Let n be (-2)/((-43)/14 + 3). Let c be (-4)/(-22) - 168/(-44). Suppose j - c*j + 756 = 0. Calculate the greatest common factor of n and j.
28
Suppose -4*s - 102 = -s. Let y be 17/s - 310/(-4). Let l = 1 - -6. Calculate the greatest common factor of y and l.
7
Let y(n) be the second derivative of -n**4/12 - 4*n**3/3 + 7*n**2 + 57*n. Let o be y(-7). What is the highest common divisor of o and 14?
7
Suppose 108 = g + 27. Let p = 65 + -38. What is the highest common factor of g and p?
27
Let n(y) = 2*y + 1. Let c be n(2). Suppose -13*h = 10*h + 2875. Let d = h - -126. Calculate the greatest common divisor of d and c.
1
Let a be (-167)/(-3) - 1/(-3). Let l = 74 + -15. Let x = l + -52. Calculate the highest common divisor of a and x.
7
Suppose 0 = -10*w + 740 - 0. Calculate the greatest common factor of 592 and w.
74
Let r = 43 + 97. Let z = r + -139. Calculate the greatest common divisor of 4 and z.
1
Let v be 168/(-16)*4/6. Let n be -1 + 0 + 7/v. Let h be n/8 + (-21)/(-4). Calculate the highest common divisor of 45 and h.
5
Let g be ((-105)/20)/(15/(-80)). Calculate the highest common factor of 154 and g.
14
Let x(w) = 4*w - 8. Let n be x(6). Let u = n + 0. Suppose 0 = q + 5*s - u, -5*q + q + 26 = s. Calculate the greatest common factor of 6 and q.
6
Suppose 2*z + 3*z = -4*r + 129, -z + 2*r = -37. Suppose 6160 = -3*n + 25*n. Let p be (-6 - n/21)/((-2)/3). Calculate the greatest common divisor of z and p.
29
Let w = -26 + 61. Suppose 3*l - w = -q, 4*l + q = -q + 48. Calculate the highest common factor of l and 22.
11
Let k be (-98)/4*(0 + -64). Calculate the greatest common divisor of 49 and k.
49
Let h(x) = x**3 - x**2 + 100. Let f be h(0). Let k = 105 + 23. Let a be (k/12)/8*15. What is the highest common divisor of f and a?
20
Let f = 143 + -44. Let u = -93 + f. Let d be (4/(-3))/((-1)/9). Calculate the highest common divisor of d and u.
6
Let b be (2/8 + 3)*20/5. Suppose 22 = p - 5*y, 6*p = 5*p + 2*y + b. Suppose -4*l = -153 + 41. What is the greatest common divisor of l and p?
7
Let t(c) = -c**2 - 9*c - 6. Let l be t(-8). Suppose -l*k + 105 = 2*v - 5*v, -k + 65 = -4*v. Let n = k - 17. What is the highest common factor of n and 42?
14
Let z(d) = 2*d**3 - d**2 - 11*d + 13. Let y be z(4). Calculate the greatest common divisor of 9 and y.
9
Suppose 2*l - 29 = -7. Let a = -7 - -10. Suppose -a*y + 292 + 71 = 0. What is the greatest common factor of l and y?
11
Let f be 55 - 0*(-2)/(-20). Calculate the highest common divisor of f and 30.
5
Let d = 2 - 1. Let r be ((-46)/4)/(d/(-2)). Suppose -40*i + 45*i - 4*p - 111 = 0, -2*i + 2*p = -44. What is the greatest common factor of i and r?
23
Let b = 21 - 23. Let d be 44/4*(-4 - b - -9). Calculate the greatest common divisor of 22 and d.
11
Let m be 8/(-7 - 553/(-77)). What is the greatest common divisor of 121 and m?
11
Let v = -873 + 908. What is the greatest common divisor of v and 245?
35
Suppose 7*i + 2*i = 1350. What is the greatest common factor of i and 200?
50
Let k = 3 - 3. Let r(d) = -5 + k*d + 5*d + d**2 - 11*d + 2*d. Let a be r(7). What is the highest common factor of 4 and a?
4
Suppose -5 = 2*s - 223. Let u = -24 + s. What is the highest common factor of 34 and u?
17
Let c be (-57)/2*-2 + 0. Let p be (-227)/(-6) - 2*(-4)/48. Calculate the greatest common divisor of c and p.
19
Let h be ((-56)/20)/((-7)/35). Calculate the greatest common factor of h and 7.
7
Let v be (-72)/(-180) + 4233/5. Calculate the greatest common divisor of 363 and v.
121
Let a be 14 - ((-25)/5 - -13). Calculate the highest common divisor of a and 30.
6
Let o(x) = -x**3 + 2*x + 80. Let z be o(0). Suppose 5*a + 432 = 14*a. Suppose -4*c + a = -32. What is the highest common factor of c and z?
20
Let z = -955 + 1005. What is the highest common divisor of z and 275?
25
Let r(s) = 87*s - 78. Let l be r(5). Calculate the highest common divisor of 102 and l.
51
Let s(k) = k**2 - 10*k - 28. Let d = 57 - 43. Let j be s(d). What is the highest common divisor of j and 140?
28
Suppose 6*c = 2*c. Suppose 0 = a - 2*l - c*l - 19, -51 = -4*a + 3*l. Let d(v) = 10*v + 10. Let x be d(a). What is the highest common divisor of 25 and x?
25
Let d = 54 + -3. Suppose -2 = 2*c - p - d, 5*p = -c + 8. What is the greatest common factor of c and 46?
23
Let b be ((-97)/(-3) - 1)/((-178)/(-4539)). What is the greatest common factor of b and 17?
17
Suppose -2 = 4*q - 38. Suppose 11 = -q*r + 10*r. Calculate the greatest common factor of r and 33.
11
Suppose 2*y - 871 = -4*a - 3*y, -a + 5*y = -249. What is the highest common divisor of 14 and a?
14
Let m be (-2)/(-7) - 72*114/(-84). What is the highest common divisor of 14 and m?
14
Let u(h) = 24*h - 12. Let z be u(4). What is the highest common divisor of 63 and z?
21
Suppose 27*c = 22*c + 15. Suppose -2*b + 71 = -k, 3*k + 23 = -c*b + 4*b. Calculate the greatest common factor of 418 and b.
38
Suppose -21*w + 33*w - 324 = 0. Calculate the greatest common divisor of 297 and w.
27
Let f(l) = 8*l**3 + l. Let h be f(1). Suppose -h*u + 12 = -204. Calculate the highest common divisor of u and 6.
6
Let v = -42 + 78. Let h(i) = -i**3 + 9*i**2 - 4*i + 22. Let a be h(8). Calculate the greatest common factor of a and v.
18
Let w(l) = l**3 - 4*l**2 + 2*l + 28. Let z be w(0). Suppose 3*x - 50 = 34. What is the highest common divisor of x and z?
28
Let o(q) = -q**2 + q + 1. Let x(h) = 3*h**2 + 17*h - 2. Let u(p) = -2*o(p) - x(p). Let r be u(-8). What is the highest common divisor of 132 and r?
44
Let n(y) = -y**2 - 17*y + 379. Let o be n(12). Calculate the greatest common factor of 1271 and o.
31
Suppose 7 = -3*z + 4, -2*w = 5*z - 261. Calculate the greatest common divisor of w and 532.
133
Suppose 6*q = 61 + 245. Let f be (1 - (-6 + 4))*136/12. What is the highest common divisor of f and q?
17
Let d = 771 + -657. Calculate the highest common factor of d and 38.
38
Let l be (-16)/56 + 46/14. Suppose l*n = -3*n. Suppose 3*u + 0*u - 60 = n. Calculate the greatest common divisor of 10 and u.
10
Let z be (-5)/20 + (345/20 - 1). What is the greatest common factor of 2000 and z?
16
Suppose 5*u = -x + 48, 0 = -5*x - u - 23 + 191. What is the highest common factor of x and 671?
11
Let h(c) = 22*c - 130. Let j be h(15). Calculate the highest common factor of j and 30.
10
Let o(r) be the second derivative of r**4/12 - 3*r**3/2 + 3*r**2 + r - 8. Let a be o(10). Calculate the highest common fact